*a - 8. List the prime factors of a.
2
Let b(f) = -655*f**2 - f - 1. Let p be b(-1). List the prime factors of p/(-35) + 4/14.
19
Let t(p) = p**2 - 3*p + 6. Let m be t(4). Suppose 3*q + j - m = 2*j, 3*j = -q - 10. List the prime factors of q.
2
What are the prime factors of 1 + 106 - (-4 - (-6 - -4))?
109
Let w(i) = 2*i + 5 + 1 - 3 - i**2 + 0*i. Let r be w(-3). What are the prime factors of 3/r + 98/8?
2, 3
Let r = 44 + -9. Suppose -i = -2*u + 29, 2*u = 2*i + i + r. List the prime factors of u.
13
Let t(d) = -d**3 + 8*d**2 + 10*d - 7. Let m(r) = 6*r - 3. Let u be m(2). What are the prime factors of t(u)?
2
Suppose 0 = -0*w + w - f - 7, 2*f - 1 = -3*w. Suppose 25 = w*i - 29. What are the prime factors of i?
2, 3
Suppose 0 = -4*c - 0*c - 20. Let f be 0 + c/((-15)/6). Suppose 3*o - 6 = -3*l, 0 = 2*o + f*l - 4*l - 12. What are the prime factors of o?
2
Suppose 0 = -5*w + 33 + 32. Let s = 1 + 0. List the prime factors of (w - 0)*(s + 0).
13
Suppose 0 = -5*v + 12 + 18. Let t = 14 - v. Let z(x) = x**2 - 7*x - 5. List the prime factors of z(t).
3
Suppose n = -j + 87, 0*j = 3*j. List the prime factors of n.
3, 29
Let v(h) = -h**3 + 10*h**2 + 16*h - 7. List the prime factors of v(11).
2, 3
Let m be (-100)/(-55) - 4/(-22). Suppose -40 = -m*i - 0*i. What are the prime factors of i?
2, 5
Let t(m) = -m - 4. Let r be t(6). Let a = 30 + r. List the prime factors of a.
2, 5
Let r(v) = -v**3 + 9*v**2 - 7*v - 6. Let q be r(8). Suppose -q*o + 57 = o. What are the prime factors of o?
19
Suppose 0 = -m + 3*m - 2. What are the prime factors of (-41)/(-4) - m/4?
2, 5
Let k(f) = 4 - 5 + 0 + 4*f**2 + 11*f**2. Let u be k(-1). What are the prime factors of (-1 + 2)*u - 0?
2, 7
What are the prime factors of (16/(-20))/((-4)/110)?
2, 11
Let f be (0/(-2))/1 + 5. Let d = 6 - f. What are the prime factors of (d + 0)*22 - 2?
2, 5
Suppose -5*v - 3*n + 252 = 0, 0*v = v + 3*n - 60. What are the prime factors of v?
2, 3
Let v(s) = s**3 + 6*s**2 + 1. Suppose -4*w - w - 30 = 0. Let i be v(w). Let d = 3 - i. What are the prime factors of d?
2
Let f = 0 - 0. Suppose f = 5*l + 21 + 4. Let u(t) = t**3 + 6*t**2 + 2*t - 3. What are the prime factors of u(l)?
2, 3
Suppose 0*l + 2*l = -4. What are the prime factors of ((-5)/l)/((-10)/(-20))?
5
Let l(d) = -d**3 - 7*d**2 - 2*d - 7. Let k be l(-7). Suppose -k*n - 48 = -4*n. Let i = 28 + n. List the prime factors of i.
2, 3
Let m = 1 + 1. Suppose 5*y - m*s - 8 = -6*s, 5*y + 3*s - 6 = 0. Suppose y = -3*d - 4*l + 3 + 26, -2*l = d - 11. What are the prime factors of d?
7
Suppose -4*l - 3 = -l + 4*z, -4*l = -3*z - 21. Suppose -p + l*p = 34. What are the prime factors of p?
17
What are the prime factors of (1 - -21) + 40/(-10)?
2, 3
Let l be (1/(-2))/(8/(-128)). Suppose v + 2 = l. Suppose -z - 1 = 4*o, -v*z + 2*z + o = -47. What are the prime factors of z?
11
Suppose -n = 2*n + 150. List the prime factors of (-2)/(-3) - n/6.
3
Let h = -8 + 3. Let r = h + 10. List the prime factors of r.
5
Suppose -31 = -5*f - 1. Let a = 11 - f. Suppose 2*x + a*n = 7*x - 25, -2*x - n = -19. List the prime factors of x.
2
Let b(t) = -t**2 + 5*t + 2. Let v = 20 - 8. Let j be (v/9)/(1/3). List the prime factors of b(j).
2, 3
Let c(q) = 14*q**3 + 2*q**2 - 1. Let g be c(2). Let n = g - 70. List the prime factors of n.
7
Let v(c) = 30*c**3 - c + 6. Let r(x) = 29*x**3 - x + 5. Suppose -4*f = o + 23, 2*f + 2*o - 9 = 5*f. Let d(j) = f*v(j) + 6*r(j). List the prime factors of d(1).
23
Suppose r + 2*r - 17 = -u, -36 = -2*u - 5*r. What are the prime factors of u?
23
Let s = -41 - -100. What are the prime factors of s?
59
Let l = 13 - 7. Suppose -o - k + l = 4*k, -83 = -3*o - 2*k. List the prime factors of o.
31
Let s be ((-12)/8)/((-6)/8). Suppose 0*l + 3*l = 3*b + 18, -b - s = 3*l. Let t = 12 + b. List the prime factors of t.
7
Let o = -15 + 20. What are the prime factors of (-4)/o + (-345)/(-25)?
13
Let p(l) = l**3 - l - 1. Let u(g) = -6*g**3 + 2*g**2 + 5*g + 9. Let a(d) = -5*p(d) - u(d). List the prime factors of a(3).
5
Let b be (44 - 3)*1 - -3. Let n = b - 22. What are the prime factors of n?
2, 11
Suppose 2*u + 3 = -u, 4*w + 25 = 3*u. Let k = 2 - w. What are the prime factors of k?
3
Suppose 0 = -2*a - 2*v - 2, -21 = a + 4*a + v. Let o be 21/15 - (-2)/a. Suppose 0 = -b - 0 + o, y - 2 = 2*b. List the prime factors of y.
2
Suppose 2*n - 2*w + 148 = 4*n, 5*n - w = 370. List the prime factors of n.
2, 37
Let n(i) = 9*i - 25. List the prime factors of n(5).
2, 5
Suppose 0 = -0*q - 3*q + 42. List the prime factors of q.
2, 7
Suppose -4*d + 5*d = 26. List the prime factors of -2*(1 + 0) + d.
2, 3
Suppose 5*m + 143 = d + 22, 2*d - 5*m - 267 = 0. List the prime factors of d.
2, 73
Let s be 6/(-10) - (-210)/(-25). Let g = 33 + s. What are the prime factors of g?
2, 3
Let g be 0/8 + (-2 - 0). List the prime factors of 27/1 + 2/g.
2, 13
Suppose -3*o = -23 + 2. Suppose 0 - o = -k. What are the prime factors of k?
7
Let m(p) = -4*p**2 + p - 1. Let f(c) = -3*c**2 + c - 1. Let h(z) = 3*f(z) - 4*m(z). Let w be (-5)/(-25)*(-2 - -7). List the prime factors of h(w).
7
What are the prime factors of (2/((-8)/70))/((-7)/42)?
3, 5, 7
Let u(g) = -7*g**2 + 4*g - 15. Let j(q) = -q**2 - q - 1. Let z(c) = -6*j(c) + u(c). List the prime factors of z(8).
7
Suppose 5*n = -5*d - 0*n - 5, 0 = 4*d - 5*n + 49. List the prime factors of (-12)/8*20/d.
5
Let i = -10 - -25. Let a = 15 + -10. Suppose -5*l = 3*q - i, -3*l = -6*l + a*q + 9. What are the prime factors of l?
3
List the prime factors of 1*12*(22 + -19).
2, 3
Let v(h) = -21*h**3 - 2*h**2 + 1. Let m be v(-1). Suppose n - m = -3*n. Let w(c) = -c**3 + 4*c**2 + 6*c + 6. What are the prime factors of w(n)?
11
Let c(a) = a + 16. Let f be c(0). Suppose -f = -4*q - 0. Let y = -2 + q. What are the prime factors of y?
2
Let d = 58 + -4. What are the prime factors of d?
2, 3
Let w = 126 - 61. What are the prime factors of w?
5, 13
Suppose -171 = -4*h + 5*l, -2*h + 4*h + 5*l = 93. List the prime factors of h.
2, 11
Let a(g) = -g - 2. Let y be a(-6). Suppose i = -y*i. Suppose -4*p + 6 + 26 = i. What are the prime factors of p?
2
Let u(o) = 22*o - 1. What are the prime factors of u(10)?
3, 73
Let u(j) = -j**2 - j + 5. Let x be u(0). Suppose 0*h = -4*h + 5*o + 64, 24 = 4*h + x*o. What are the prime factors of h?
11
Suppose 4*j - 214 = 2. List the prime factors of j.
2, 3
Let g = 4 - 1. What are the prime factors of (g/2)/((-18)/(-240))?
2, 5
Let v be -305*(24/(-10) + 2). Suppose -4*z + 13 = -b, 4*b + 46 - 11 = -z. List the prime factors of v/18 + (-2)/b.
7
Let m(k) = -11*k - 1. Let y be m(-4). Suppose 3*f - y - 30 = 2*r, -4*r + 79 = 3*f. What are the prime factors of f?
5
Let c(h) = 2*h**2 - 17*h + 3. What are the prime factors of c(9)?
2, 3
Suppose -y - 13 = -70. List the prime factors of y.
3, 19
Suppose -48*l - 180 = -51*l. What are the prime factors of l?
2, 3, 5
Let o(z) be the third derivative of z**5/60 + z**4/24 + 23*z**3/6 - z**2. List the prime factors of o(0).
23
Let a(v) = 2*v**2 - 2*v - 5. Let l be a(4). Suppose -51 + l = -o. Let x = -22 + o. List the prime factors of x.
2, 5
Suppose -4*h + 34 = -0*u - 2*u, 4*u = -3*h + 20. Let d = -6 + h. What are the prime factors of d?
2
Suppose 0 = -5*u + 5*i - 39 + 544, 0 = -4*u - i + 404. What are the prime factors of u?
101
Let c(l) be the second derivative of l**4/12 + l**3/6 + 3*l**2 + 5*l. What are the prime factors of c(-5)?
2, 13
Suppose -14 = -c + q, -4*c + 55 + 1 = q. List the prime factors of 4/14 + 24/c.
2
Suppose 5*k = 4*r - 0*r + 45, -4*r + 3*k - 43 = 0. Let v = 20 + r. List the prime factors of v.
2, 5
Let l(p) = -2*p**2 + 2*p. Let f(w) = 3*w**2 - 3*w + 1. Let c(a) = -3*f(a) - 5*l(a). List the prime factors of c(4).
3
Let p = 23 + -20. Suppose -p*u = 2*u - 215. What are the prime factors of u?
43
Let g(m) = -m + 2. Let v be g(0). Suppose 0 = v*b + 2*b - 100. List the prime factors of b.
5
Let p = -8 + 17. Let j = p + -23. Let c = j - -23. List the prime factors of c.
3
Let u = 16 - 13. List the prime factors of u.
3
Suppose -v + 2*f + 11 = 0, -4*v = -0*f - 5*f - 44. Suppose -94*g + 89*g = -15. Let z = g + v. List the prime factors of z.
2, 7
Suppose -4*q = 4*d, -4*d - 1 + 25 = -2*q. Suppose -d*z = -z - 9. Suppose -9 = z*g - 0*s + 3*s, g - s = 7. What are the prime factors of g?
2
Let u = 3 - 3. Su